composite number?
True
Is 347882783 a composite number?
False
Is 76289351251 a composite number?
True
Is 41477596513 a composite number?
False
Is 333795047 a prime number?
False
Is 281579729 prime?
False
Is 20819950241 a prime number?
False
Is 106958603 composite?
False
Is 50473013191 a composite number?
True
Is 2323248139 a prime number?
True
Is 4989691871 a prime number?
False
Is 3150114071 prime?
False
Is 547163333 prime?
True
Is 3945286819 a prime number?
True
Is 3407887229 prime?
True
Is 2670414209 prime?
False
Is 5292615781 a prime number?
False
Is 23249037923 a prime number?
True
Is 5050160147 composite?
False
Is 769602451 a prime number?
False
Is 211375218229 a prime number?
False
Is 25781395261 a composite number?
False
Is 8519691097 prime?
True
Is 632680691 composite?
True
Is 86989423982 a prime number?
False
Is 11303484359 a composite number?
False
Is 25171939451 a prime number?
True
Is 523379923 composite?
True
Is 371121599 a composite number?
False
Is 37591505239 composite?
True
Is 1043385697 prime?
True
Is 10050569519 a composite number?
False
Is 196302923 composite?
False
Is 112565254829 a prime number?
True
Is 33996137017 a prime number?
True
Is 8053074977 composite?
False
Is 877504519 a prime number?
False
Is 15728593 composite?
False
Is 536853283 a composite number?
False
Is 257831807 composite?
False
Is 18623384149 composite?
False
Is 9748325581 a composite number?
False
Is 1656320707 a composite number?
True
Is 1451602991 a prime number?
False
Is 17303037421 a prime number?
False
Is 531146899 composite?
False
Is 463477367 a prime number?
True
Is 6800011943 a prime number?
True
Is 975461659 composite?
True
Is 7960783143 prime?
False
Is 1376314297 a prime number?
True
Is 913382597 prime?
True
Is 207095897 composite?
False
Is 14915339807 composite?
True
Is 97840717963 a composite number?
False
Is 790183241 a prime number?
False
Is 22248959503 a composite number?
True
Is 2449361153 composite?
False
Is 22612375501 composite?
True
Is 6294403723 a composite number?
False
Is 3303437659 a prime number?
True
Is 218151449 a prime number?
False
Is 16977283 a prime number?
False
Is 11886358747 a composite number?
False
Is 90746861 prime?
False
Is 49915405783 a prime number?
False
Is 22136251363 a composite number?
True
Is 58954640651 a prime number?
True
Is 10021897267 composite?
False
Is 51739409 composite?
False
Is 2151862133 prime?
True
Is 404727457 a prime number?
True
Is 54678863 composite?
False
Is 184271629 prime?
False
Is 141967895953 prime?
False
Is 6682915131 prime?
False
Is 3442791061 a composite number?
False
Is 624813481 composite?
True
Is 60509 prime?
True
Is 1535443783 a prime number?
True
Is 1933329953 a prime number?
True
Is 4708370999 composite?
True
Is 24677925511 a prime number?
False
Is 98056067 a prime number?
True
Is 436262421289 a prime number?
True
Is 4019029433 prime?
False
Is 4227575459 a composite number?
False
Is 5079737843 composite?
False
Is 7795019941 composite?
True
Is 5474860129 prime?
False
Is 5881155803 a prime number?
False
Is 643222997 composite?
False
Is 21984550631 a composite number?
False
Is 3176204459 composite?
False
Is 11483477491 a prime number?
True
Is 1353133709 prime?
True
Is 13782185423 prime?
False
Is 6852878183 prime?
True
Is 3763553069 prime?
True
Is 4514498013 a composite number?
True
Is 79997723153 a prime number?
False
Is 13516982806 composite?
True
Is 3487305473 a composite number?
False
Is 11248193587 a prime number?
False
Is 77718432397 prime?
True
Is 11478698039 a composite number?
False
Is 1362404723 prime?
False
Is 2024769671 prime?
True
Is 193545677 a prime number?
False
Is 8646139241 a prime number?
True
Is 5189645191 composite?
False
Is 25095168253 prime?
False
Is 11151874207 a prime number?
False
Is 132833067899 prime?
False
Is 1053365433 a prime number?
False
Is 19150331797 composite?
True
Is 34658196367 a prime number?
False
Is 1350905887 composite?
False
Is 23267161 a composite number?
False
Is 94991996507 a prime number?
False
Is 20533233983 a composite number?
False
Is 2870202119 prime?
True
Is 22748134921 composite?
True
Is 2097896117 a composite number?
False
Is 37329979161 prime?
False
Is 21123459347 prime?
False
Is 2694007873 a composite number?
True
Is 5712528539 composite?
False
Is 1467308993 a prime number?
False
Is 5291914963 composite?
True
Is 1752538787 composite?
True
Is 4004519411 prime?
False
Is 48125739659 a prime number?
False
Is 46350714673 composite?
False
Is 3171234743 composite?
True
Is 3883410199 a composite number?
False
Is 2558231801 composite?
True
Is 2154332399 a composite number?
False
Is 6264675479 composite?
False
Is 7111087589 composite?
True
Is 1558501171 composite?
False
Is 20921506657 a composite number?
False
Is 53999998691 a composite number?
True
Is 208014074009 a prime number?
False
Is 935307467 composite?
False
Is 9799480417 a composite number?
False
Is 35232414893 a composite number?
True
Is 433587953 composite?
True
Is 1998625877 composite?
True
Is 49982693879 prime?
True
Is 5455357931 composite?
False
Is 54991327 a prime number?
False
Is 1776193138 composite?
True
Is 70470641 a composite number?
True
Is 13643285729 a composite number?
True
Is 1975786058 a composite number?
True
Is 823413953 prime?
False
Is 23951153221 prime?
True
Is 4546711577 composite?
False
Is 449482097 composite?
True
Is 533782651 composite?
True
Is 19065601 a composite number?
True
Is 84729763 a prime number?
False
Is 2574959969 composite?
False
Is 198425660333 a composite number?
True
Is 62790156269 a composite number?
True
Is 45953445133 a prime number?
False
Is 1558711247 a prime number?
False
Is 1049542251 a composite number?
True
Is 192655403 prime?
False
Is 4057631 a composite number?
False
Is 2017883533 a composite number?
False
Is 8605482191 a prime number?
False
Is 604870811 prime?
True
Is 2390223467 a composite number?
False
Is 12154770541 prime?
False
Is 15716201299 composite?
True
Is 1534253849 a prime number?
True
Is 21873599119 a composite number?
True
Is 42156614413 a composite number?
True
Is 546839933 prime?
True
Is 354047143 prime?
False
Is 25525048451 prime?
False
Is 109574723 a prime number?
False
Is 50703358 composite?
True
Is 8074325569 a prime number?
False
Is 1548860041 a composite number?
False
Is 1125297427 a prime number?
False
Is 61753733 a prime number?
True
Is 247279633 a prime number?
True
Is 28213172969 a composite number?
True
Is 359938133 a composite number?
False
Is 445551599 a composite number?
False
Is 8005144513 a composite number?
False
Is 1220268961 a composite number?
False
Is 20833577209 composite?
True
Is 10587322409 composite?
False
Is 1390704307 prime?
True
Is 6490949001 a composite number?
True
Is 154491203507 composite?
True
Is 2447852254 composite?
True
Is 42446787259 composite?
True
Is 1026509189 a prime number?
True
Is 1740749063 prime?
False
Is 3638220821 a prime number?
True
Is 966599503 prime?
False
Is 327024959 a prime number?
False
Is 10360461203 a prime number?
False
Is 55285905497 composite?
False
Is 39644141 composite?
False
Is 13498370419 a prime number?
True
Is 2198725051 prime?
True
Is 5832684079 a prime number?
False
Is 104419916513 a prime number?
False
Is 514027741 composite?
False
Is 441748463 composite?
True
Is 663027611 a composite number?
True
Is 29029327 composite?
True
Is 105554212637 a composite number?
False
Is 813877343 prime?
False
Is 1183771157 prime?
True
Is 687252791 prime?
True
Is 99017153 prime?
True
Is 24483963811 a prime number?
True
Is 4931746789 prime?
True
Is 1188934553 a composite number?
True
Is 118851355867 a prime number?
True
Is 19679047603 a composite number?
False
Is 96202879 composite?
True
Is 32735876053 a composite number?
False
Is 16053419 a prime number?
True
Is 19199777 a composite number?
False
Is 83487319 prime?
True
Is 841933761 composite?
True
Is 295276841611 a composite number?
False
Is 247081051 a prime number?
False
Is 33014390327 a composite number?
False
Is 27791267147 composite?
True
Is 579716117 prime?
True
Is 632618291 a prime number?
True
Is 12870899891 a composite number?
False
Is 4899983197 composite?
False
Is 50345699533 a composite number?
False
Is 162167627161 composite?
False
Is 38646329693 prime?
True
Is 158494703 composite?
True
Is 1117